l(t).
2
Let a(p) = p**3 - 6*p**2 - 4*p - 1. Let q be a(7). Let v(i) = -i + 23 - 73 + q + 28. Calculate v(2).
-4
Let k(x) = x**3 + 7*x**2 - 2. Let y be k(-7). Let b(u) = 1 - 7 + 2 - 4*u + 2. Determine b(y).
6
Let q(u) be the first derivative of -u**4/4 + u**2 - 79. What is q(2)?
-4
Let a(f) = -9*f**2 - 3*f - 3. Let k be (6*16/(-120))/(10/25). Give a(k).
-33
Let g(z) = -2*z + 28. Let v be g(12). Let j(o) = 4*o - 3. What is j(v)?
13
Let x = 3 + 0. Suppose x*o - 21 = -3. Suppose 4 = 5*j - o. Let u(p) = -2*p**3 + 4*p**2 - 2*p. Calculate u(j).
-4
Let f(k) be the second derivative of -3/2*k**2 + 1/12*k**4 + 1/20*k**5 + 15*k + 0 + 0*k**3. Let a = 2 - 2. What is f(a)?
-3
Let q(m) = m + 2. Let c(a) = -7*a - 1. Let g(d) = c(d) + 6*q(d). Determine g(7).
4
Let k(z) = -z**2 - 590 + 1191 + 6*z + 3*z**2 - 596. Suppose -2*x + x + 10 = 0. Suppose x = -5*o, 2*g + 5*o + 20 = 2. What is k(g)?
13
Let c = -22 - -8. Let f = c - -16. Let x(i) = -7*i**3 - 3*i**2 - i + 2. Let b(j) = 4*j**3 + 2*j**2 + j - 1. Let m(p) = -5*b(p) - 3*x(p). What is m(f)?
-1
Let l(b) = 5*b**2 - 3*b + 2. Let w(j) = -23*j**2 - 3 + 11*j**2 + 11*j**2 - 5*j. Let p be w(-1). Let h be 0 + -3 + p*5. Calculate l(h).
16
Let t(v) = -v - 11. Suppose 0 = -3*s + 5*w + 15, 9 - 6 = -s - w. Calculate t(s).
-11
Let p = -112 + 118. Let r(c) = -11*c + 5. Let d(n) = -4*n + 2. Suppose 0 = -3*j - 8 - 1. Let k(i) = j*r(i) + 8*d(i). What is k(p)?
7
Let j(k) = 2*k - 1. Let a(u) be the third derivative of 0 - 3*u**2 + 0*u + 2/3*u**3 + 1/24*u**4. Let g be a(-6). Give j(g).
-5
Let s(l) = -2 + 19*l - 46*l + 28*l. Let o be (0 + 1)/(1/6). Give s(o).
4
Let n(w) = -w**3 + 4*w**2 + 7*w + 1. Suppose 0 = p - 5. Calculate n(p).
11
Let o(t) = -t - 12. Let h be 0/(-3) - 3/(6/16). Give o(h).
-4
Suppose -x - 3*c = -8, -2*x + 6 = -4*c - 0. Suppose x*p - 4 = 3*p. Let f(z) = -z**2 + p*z**2 + 6*z + z. What is f(-7)?
0
Suppose 92 - 82 = 2*q. Let r(y) = -y + 4. Calculate r(q).
-1
Let a(z) = -z**3 - 3*z**2 - 3*z + 1. Let c = 140 + -142. Determine a(c).
3
Let k(t) be the third derivative of -t**5/60 + t**4/8 + t**3 - 122*t**2 - 2. Determine k(-2).
-4
Let h(b) = 2*b - 7. Let w = 106 - 76. Let a(i) = 2*i**2 - 4*i - 1. Let m be a(4). Let v be m/2*24/w. Determine h(v).
5
Let m(y) be the first derivative of y**4/4 - 4*y**3 - y**2/2 + 13*y - 1. Let i(z) = z**3 - 11*z**2 - 2*z + 12. Let x(k) = -7*i(k) + 6*m(k). Determine x(6).
6
Let x(o) be the first derivative of o**4/8 - o**3/3 - 5*o**2/2 + 6. Let n(t) be the second derivative of x(t). Let g be 80/50 + (-2)/(-5). Give n(g).
4
Let y(h) = 2*h**2 + 6*h - 2 - 2*h**2 - 4*h - h**2. Let s be ((-11)/(715/13))/(2/(-30)). Calculate y(s).
-5
Let w(m) = 4*m + 42. Let v be w(-9). Let d(q) = -19*q + 10*q + 3 + 7*q + v*q. Calculate d(-2).
-5
Let k = 6 - 3. Suppose -k*d - 28 = 4*d. Let b(r) = r**2 + 4*r + 3. Give b(d).
3
Suppose 2*a - 24 = -5*l, 4*a - 3*a + l = 6. Let z(k) = 4*k + a - 5 + 8 - k**2. Give z(6).
-7
Let d = -29 + -33. Let w = -62 - d. Let a(f) = -f**2 + 2*f + 5. Let k(i) = -i**2 + 3*i + 5. Let o(v) = 4*a(v) - 3*k(v). Calculate o(w).
5
Let z(y) = -y**2 - 6*y + 3. Let c be z(-6). Let a(j) = 15*j. Let l(u) be the third derivative of -u**4/24 - 7*u**2. Let n(s) = a(s) + 12*l(s). Calculate n(c).
9
Let w(t) = t**3 + 6*t**2 - 6*t + 1. Let i = -164 + 157. Determine w(i).
-6
Let q(s) = -2*s**2 + 2*s - 5. Let y(a) = -a**2 + 19*a - 84. Let n be y(8). Give q(n).
-29
Let w(o) = -o + 17. Let i(r) = r - 16. Let z(x) = 6*i(x) + 5*w(x). Calculate z(10).
-1
Let x(p) = 5 + 2 - p + 2 + 1 - 2. What is x(-6)?
14
Let n be 54/24*(-4 + 8). Let h(l) = 3*l + 1. Determine h(n).
28
Suppose -2*o - 24 = 6*o. Let b(i) = -i - 1. Let n(a) = 3. Let k(f) = o*n(f) - 6*b(f). What is k(2)?
9
Let l(w) = 3*w + 6. Let o be l(-4). Let d(m) be the first derivative of -m**2 - 9*m + 633. Give d(o).
3
Let c(d) = -7*d**3 + 3*d**2 - 7*d + 4. Let x(k) = k**3 + k. Let a(h) = c(h) + 6*x(h). Suppose 3*t - 6 = t. Suppose -7*f = -t*f - 12. Give a(f).
1
Let b(z) = -14*z**2 + 10*z + 9. Let c(w) = 19*w**2 - 11*w - 10. Let h(l) = -4*b(l) - 3*c(l). Determine h(-4).
6
Let j(n) be the third derivative of n**4/24 + n**3 + 234*n**2. Calculate j(5).
11
Let x(g) = -21*g**3 + 6*g**2 - 5*g + 7. Let f(r) = 5*r**3 + r**2 - r. Let y(s) = -4*f(s) - x(s). Calculate y(9).
-7
Let u(k) = -13 + 48*k**2 - 19*k**2 - 12*k - 19*k**2 + k**3. Give u(-11).
-2
Let n(j) = -j - 1. Suppose -2*z - 7 = -5. Let t(w) = w**2 + 2*w + 1. Let u(v) = z*t(v) + 4*n(v). Determine u(-4).
3
Let v(w) = -w**2 + w - 1. Suppose 3*y - 4*y + 3*d + 5 = 0, 3*y + 3 = 3*d. Determine v(y).
-21
Suppose -2 = 3*i + 4. Let g be (3/i)/((-6)/8). Let s(c) be the third derivative of -c**4/4 + 4*c**2 + 6. Give s(g).
-12
Suppose -12 = -0*t - 3*t. Suppose 25 = -4*y + 45. Suppose -y = -t*k - 1. Let r(x) = 2*x**3 + x**2 - x. What is r(k)?
2
Let n(t) = 7*t - 6. Let r(p) = -p**3 + 26*p**2 - 106*p + 18. Let g be r(21). Give n(g).
-27
Let y(n) = 3*n + 3. Let j(h) = 13*h + 13. Let x be (-6)/(-9)*(-2 + -1). Let p be (-20 + 24)*((-27)/(-12) + 0). Let t(w) = p*y(w) + x*j(w). What is t(6)?
7
Let n(s) = 2*s**3 + 14*s**2 - 15*s + 6. Let k be n(-8). Let p(x) = x**2 - 3*x - 3. What is p(k)?
7
Let r(o) = -7*o**2 - 12*o - 5. Let p(g) = 9*g**2 + 12*g + 2. Let n(w) = 8*w**2 + 11*w + 2. Let m(z) = -6*n(z) + 5*p(z). Let a(u) = 9*m(u) - 4*r(u). Give a(5).
-3
Let p(l) = -l**3 + 4*l**2 + 3*l. Let i be 34 - (1 + 2 + -4). Let h = -34 + i. Let a be h/(-2) - (-3)/(-2). Determine p(a).
18
Let q = -296 - -291. Let k(j) be the second derivative of j**3/6 + j. Calculate k(q).
-5
Let i(v) = -4*v**2 + 5*v + 1. Let m(d) be the second derivative of d**4/4 - 5*d**3/6 - d**2/2 + 18*d. Let w(t) = 4*i(t) + 5*m(t). Give w(-4).
3
Let y(q) = 0*q - 13 + 16 - 3*q. What is y(3)?
-6
Let k(f) = -3*f + 7 + 2*f + 5 + 0*f - 5. Give k(-7).
14
Let l(f) = -3*f**2 - 4*f - 17. Let v(p) = 2*p**2 + 2*p + 9. Let d(q) = 4*l(q) + 7*v(q). Calculate d(3).
7
Let f(d) be the third derivative of -d**6/120 - 2*d**5/15 + 5*d**4/6 + d**3/6 - 70*d**2. Determine f(-10).
1
Let i(f) = 2*f**2 - 6*f - 7. Let j be (-50)/(-5)*(-5)/(-10). Give i(j).
13
Let t = 0 - -4. Suppose 76 = -4*k + t*d, -5*k - 4*d + d = 119. Let l = -22 - k. Let f(m) = -m**3 + m - 13. Give f(l).
-13
Let q(d) be the third derivative of d**4/3 - d**3/6 - 2*d**2 + 50. What is q(1)?
7
Let r = 125 - 122. Let m(o) = 3*o + r - 12 - 4*o. Give m(0).
-9
Let x(d) = 5*d**3 - 5*d**2 + d + 1. Let r(l) = -4*l**3 + 5*l**2 - l - 1. Suppose 4*q = 16, 3*j + 32 = -3*q + 8*q. Let n(f) = j*r(f) - 3*x(f). Calculate n(5).
6
Let h(o) be the first derivative of o**2/2 + 172. Calculate h(-1).
-1
Let a(t) = -3*t + 1. Let y(g) = g**3 + 8*g**2 + 3*g + 14. Let f be y(-8). Let d = -6 - f. Give a(d).
-11
Let n = 51 - 45. Let a(s) be the first derivative of s**3/3 - 7*s**2/2 - 7*s - 86. Calculate a(n).
-13
Let s(q) = 2*q + 2. Let k be (-3)/(9/(-6)) + 3. Suppose 8*j = k*j - 6. Let r be j/((2/(-1))/2). What is s(r)?
6
Let r(o) = 6*o**2 + 17*o - 3. Let w(c) = -34*c**2 + c + c + 35*c**2. Let a(k) = r(k) - 5*w(k). What is a(-7)?
-3
Let h be 16/(-7) - (-12)/42. Let j(a) be the first derivative of a**2/2 + a + 3. Let o(r) = -2*r - 2. Let m(k) = 8*j(k) + 3*o(k). What is m(h)?
-2
Let w(k) be the first derivative of 0*k**2 + 5/6*k**3 - 4*k - 8. Let j(o) be the first derivative of w(o). Calculate j(1).
5
Let j(v) be the third derivative of v**6/120 + v**5/10 + 4*v**3/3 + 3*v**2. Suppose -3*r = -4*b - 27, -5 = b - 3*r + 4. Determine j(b).
8
Let b(k) = 3*k**2 + 6*k + 4. Let w(h) = -6 - 9*h - h**2 - 2*h**2 - h**2. Let f(l) = -7*b(l) - 5*w(l). Let s = -237 - -235. What is f(s)?
-8
Let o(j) = -3*j**2 + 3*j + 2. Let t(i) = -i**2 - 2*i + 2. Let b be t(0). Give o(b).
-4
Let z(k) be the second derivative of -13*k**4/12 + k**3/3 + 3*k**2/2 - 11*k + 11. Calculate z(-1).
-12
Let v(u) = u**3 + 12*u**2 + u + 15. Let r be v(-12). Let y(w) = -w**3 - 10*w**2 - 11*w - 8. Let a(m) = -m**2 - m - 1. Let z(c) = r*a(c) - y(c). Determine z(-5).
15
Let s(l) be the first derivative of l**3 + l**2/2 - l + 2. Let m be s(1). Let r(y) = -7*y**3 - 4*y**2 - 9*y**3 + 2*y + 17*y**3 + 0*y**3 + 2. Calculate r(m).
-1
Let w = 9 + -3. Suppose 16*h + 3 = 5*v + 12*h, -12 = -5*v + h. Let g(t) = -t + 2 - v + w. Calculate g(-4).
9
Let x be ((-6)/4 + 2)*4. Suppose x*h + 2*o - 14 = o, 10 = 2*h + 3*o. Suppose 